{"id":691,"date":"2023-04-16T17:47:59","date_gmt":"2023-04-16T17:47:59","guid":{"rendered":"https:\/\/maquinariaferro.com\/?post_type=product&#038;p=691"},"modified":"2024-08-26T12:41:36","modified_gmt":"2024-08-26T12:41:36","slug":"arados-semichisels","status":"publish","type":"product","link":"https:\/\/maquinariaferro.com\/ca\/producte\/arados-semichisels\/","title":{"rendered":"Semixisels"},"content":{"rendered":"<p lang=\"ca-ES\"><span lang=\"es-ES\">El <\/span><span lang=\"es-ES\"><b>semixisel<\/b><\/span><span lang=\"es-ES\"> de la marca <\/span><span lang=\"es-ES\"><b>Guimon<\/b><\/span><span lang=\"es-ES\"> est\u00e0 dissenyat per <\/span><span lang=\"es-ES\"><b>la preparaci\u00f3 del s\u00f2l<\/b><\/span><span lang=\"es-ES\">, amb una profunditat de treball d\u2019entre <\/span><span lang=\"es-ES\"><b>18 i 25 cm<\/b><\/span><span lang=\"es-ES\">. La separaci\u00f3 dels bra\u00e7os \u00e9s de <\/span><span lang=\"es-ES\"><b>60 cm<\/b><\/span><span lang=\"es-ES\"> i la seva disposici\u00f3 en <\/span><span lang=\"es-ES\"><b>tres files<\/b><\/span><span lang=\"es-ES\"> permet un elevat nivell de desfeta de les restes de collita. El disseny del cos aconsegueix una <\/span><span lang=\"es-ES\"><b>perfecta adaptaci\u00f3 al terreny<\/b><\/span><span lang=\"es-ES\"> obtenint un conreu <\/span><span lang=\"es-ES\"><b>profund<\/b><\/span><span lang=\"es-ES\"> i <\/span><span lang=\"es-ES\"><b>homogeni<\/b><\/span><span lang=\"es-ES\">. Equipado de serie con <\/span><span lang=\"es-ES\"><b>el tren de rodet posterior<\/b><\/span><span lang=\"es-ES\"> i <\/span><span lang=\"es-ES\"><b>rastre de doble fila de pues. <\/b><\/span><\/p>\n<p lang=\"ca-ES\"><span lang=\"es-ES\">Guimon t\u00e9 disponibles dos muntatges: <\/span><span lang=\"es-ES\"><b>molles amb virolles o elast\u00f2mers.<\/b><\/span><span lang=\"es-ES\">Es munta el bra\u00e7 de <\/span><span lang=\"es-ES\"><b>35 x 35<\/b><\/span><span lang=\"es-ES\"> amb la possibilitat de muntar una <\/span><span lang=\"es-ES\"><b>rella d\u2019oreneta<\/b><\/span><span lang=\"es-ES\"> o <\/span><span lang=\"es-ES\"><b>cavadora<\/b><\/span><span lang=\"es-ES\">Aquest semixisel no porta greixatges, \u00e9s a dir, no necessita manteniment. <\/span><b> <\/b><\/p>\n<p lang=\"ca-ES\"><span lang=\"es-ES\">Pot consultar el nostre cat\u00e0leg per a obtenir m\u00e9s informaci\u00f3 sobre l\u2019amplada i les opcions de muntatge. <\/span><\/p>\n<p>&nbsp;<\/p>\n<p>Descarregar cat\u00e0leg:<br \/>\n<a href=\"https:\/\/maquinariaferro.com\/wp-content\/uploads\/2023\/04\/CATALOGO-SEMICHISEL-GUIMON.pdf\" target=\"_blank\" rel=\"noopener\"><br \/>\n<button class=\"styled\" type=\"button\">Semixisel Guimon<\/button><br \/>\n<\/a><\/p>","protected":false},"excerpt":{"rendered":"<p>El semichisel de la marca Guimon est\u00e1 dise\u00f1ado para la preparaci\u00f3n del suelo, con una profundidad de trabajo de entre 18 y 25 cm. La separaci\u00f3n de los brazos es de 60 cm y su disposici\u00f3n en tres filas permite un elevado nivel de desahogo de los restos de cosecha. El dise\u00f1o del cuerpo consigue [&hellip;]<\/p>\n","protected":false},"featured_media":703,"comment_status":"open","ping_status":"closed","template":"","meta":{"_joinchat":[]},"product_brand":[],"product_cat":[33,52],"product_tag":[],"class_list":["post-691","product","type-product","status-publish","has-post-thumbnail","product_cat-maquinaria-preparacion-del-terreno","product_cat-semichisels","first","instock","shipping-taxable","product-type-simple"],"yoast_head":"<!-- This site is optimized with the Yoast SEO plugin v28.4 - https:\/\/yoast.com\/product\/yoast-seo-wordpress\/ -->\n<title>Arado Semichisel | Maquinaria Ferro<\/title>\n<meta name=\"description\" content=\"El arado semichisel de la marca Guimon es el apero perfecto para la preparaci\u00f3n del suelo. Descubre todas sus configuraciones. \u00a1Ll\u00e1manos sin compromiso!\" \/>\n<meta name=\"robots\" content=\"index, follow, max-snippet:-1, max-image-preview:large, max-video-preview:-1\" \/>\n<link rel=\"canonical\" href=\"https:\/\/maquinariaferro.com\/ca\/producte\/arados-semichisels\/\" \/>\n<meta property=\"og:locale\" content=\"ca_ES\" \/>\n<meta property=\"og:type\" content=\"article\" \/>\n<meta property=\"og:title\" content=\"Arado Semichisel | Maquinaria Ferro\" \/>\n<meta property=\"og:description\" content=\"El arado semichisel de la marca Guimon es el apero perfecto para la preparaci\u00f3n del suelo. Descubre todas sus configuraciones. \u00a1Ll\u00e1manos sin compromiso!\" \/>\n<meta property=\"og:url\" content=\"https:\/\/maquinariaferro.com\/ca\/producte\/arados-semichisels\/\" \/>\n<meta property=\"og:site_name\" content=\"Maquinaria Ferro\" \/>\n<meta property=\"article:modified_time\" content=\"2024-08-26T12:41:36+00:00\" \/>\n<meta property=\"og:image\" content=\"https:\/\/maquinariaferro.com\/wp-content\/uploads\/2023\/04\/SEMICHISEL-GUIMON-15.jpeg\" \/>\n\t<meta property=\"og:image:width\" content=\"1600\" \/>\n\t<meta property=\"og:image:height\" content=\"1200\" \/>\n\t<meta property=\"og:image:type\" content=\"image\/jpeg\" \/>\n<meta name=\"twitter:card\" content=\"summary_large_image\" \/>\n<meta name=\"twitter:label1\" content=\"Temps estimat de lectura\" \/>\n\t<meta name=\"twitter:data1\" content=\"1 minut\" \/>\n<script type=\"application\/ld+json\" class=\"yoast-schema-graph\">{\"@context\":\"https:\\\/\\\/schema.org\",\"@graph\":[{\"@type\":\"WebPage\",\"@id\":\"https:\\\/\\\/maquinariaferro.com\\\/producto\\\/arados-semichisels\\\/\",\"url\":\"https:\\\/\\\/maquinariaferro.com\\\/producto\\\/arados-semichisels\\\/\",\"name\":\"Arado Semichisel | Maquinaria Ferro\",\"isPartOf\":{\"@id\":\"https:\\\/\\\/maquinariaferro.com\\\/#website\"},\"primaryImageOfPage\":{\"@id\":\"https:\\\/\\\/maquinariaferro.com\\\/producto\\\/arados-semichisels\\\/#primaryimage\"},\"image\":{\"@id\":\"https:\\\/\\\/maquinariaferro.com\\\/producto\\\/arados-semichisels\\\/#primaryimage\"},\"thumbnailUrl\":\"https:\\\/\\\/maquinariaferro.com\\\/wp-content\\\/uploads\\\/2023\\\/04\\\/SEMICHISEL-GUIMON-15.jpeg\",\"datePublished\":\"2023-04-16T17:47:59+00:00\",\"dateModified\":\"2024-08-26T12:41:36+00:00\",\"description\":\"El arado semichisel de la marca Guimon es el apero perfecto para la preparaci\u00f3n del suelo. Descubre todas sus configuraciones. \u00a1Ll\u00e1manos sin compromiso!\",\"breadcrumb\":{\"@id\":\"https:\\\/\\\/maquinariaferro.com\\\/producto\\\/arados-semichisels\\\/#breadcrumb\"},\"inLanguage\":\"ca\",\"potentialAction\":[{\"@type\":\"ReadAction\",\"target\":[\"https:\\\/\\\/maquinariaferro.com\\\/producto\\\/arados-semichisels\\\/\"]}]},{\"@type\":\"ImageObject\",\"inLanguage\":\"ca\",\"@id\":\"https:\\\/\\\/maquinariaferro.com\\\/producto\\\/arados-semichisels\\\/#primaryimage\",\"url\":\"https:\\\/\\\/maquinariaferro.com\\\/wp-content\\\/uploads\\\/2023\\\/04\\\/SEMICHISEL-GUIMON-15.jpeg\",\"contentUrl\":\"https:\\\/\\\/maquinariaferro.com\\\/wp-content\\\/uploads\\\/2023\\\/04\\\/SEMICHISEL-GUIMON-15.jpeg\",\"width\":1600,\"height\":1200},{\"@type\":\"BreadcrumbList\",\"@id\":\"https:\\\/\\\/maquinariaferro.com\\\/producto\\\/arados-semichisels\\\/#breadcrumb\",\"itemListElement\":[{\"@type\":\"ListItem\",\"position\":1,\"name\":\"Portada\",\"item\":\"https:\\\/\\\/maquinariaferro.com\\\/\"},{\"@type\":\"ListItem\",\"position\":2,\"name\":\"Shop\",\"item\":\"https:\\\/\\\/maquinariaferro.com\\\/shop\\\/\"},{\"@type\":\"ListItem\",\"position\":3,\"name\":\"Semichisels\"}]},{\"@type\":\"WebSite\",\"@id\":\"https:\\\/\\\/maquinariaferro.com\\\/#website\",\"url\":\"https:\\\/\\\/maquinariaferro.com\\\/\",\"name\":\"Maquinaria Ferro\",\"description\":\"\",\"potentialAction\":[{\"@type\":\"SearchAction\",\"target\":{\"@type\":\"EntryPoint\",\"urlTemplate\":\"https:\\\/\\\/maquinariaferro.com\\\/?s={search_term_string}\"},\"query-input\":{\"@type\":\"PropertyValueSpecification\",\"valueRequired\":true,\"valueName\":\"search_term_string\"}}],\"inLanguage\":\"ca\"}]}<\/script>\n<!-- \/ Yoast SEO plugin. -->","yoast_head_json":{"title":"Arado Semichisel | Maquinaria Ferro","description":"El arado semichisel de la marca Guimon es el apero perfecto para la preparaci\u00f3n del suelo. Descubre todas sus configuraciones. \u00a1Ll\u00e1manos sin compromiso!","robots":{"index":"index","follow":"follow","max-snippet":"max-snippet:-1","max-image-preview":"max-image-preview:large","max-video-preview":"max-video-preview:-1"},"canonical":"https:\/\/maquinariaferro.com\/ca\/producte\/arados-semichisels\/","og_locale":"ca_ES","og_type":"article","og_title":"Arado Semichisel | Maquinaria Ferro","og_description":"El arado semichisel de la marca Guimon es el apero perfecto para la preparaci\u00f3n del suelo. Descubre todas sus configuraciones. \u00a1Ll\u00e1manos sin compromiso!","og_url":"https:\/\/maquinariaferro.com\/ca\/producte\/arados-semichisels\/","og_site_name":"Maquinaria Ferro","article_modified_time":"2024-08-26T12:41:36+00:00","og_image":[{"width":1600,"height":1200,"url":"https:\/\/maquinariaferro.com\/wp-content\/uploads\/2023\/04\/SEMICHISEL-GUIMON-15.jpeg","type":"image\/jpeg"}],"twitter_card":"summary_large_image","twitter_misc":{"Temps estimat de lectura":"1 minut"},"schema":{"@context":"https:\/\/schema.org","@graph":[{"@type":"WebPage","@id":"https:\/\/maquinariaferro.com\/producto\/arados-semichisels\/","url":"https:\/\/maquinariaferro.com\/producto\/arados-semichisels\/","name":"Arado Semichisel | Maquinaria Ferro","isPartOf":{"@id":"https:\/\/maquinariaferro.com\/#website"},"primaryImageOfPage":{"@id":"https:\/\/maquinariaferro.com\/producto\/arados-semichisels\/#primaryimage"},"image":{"@id":"https:\/\/maquinariaferro.com\/producto\/arados-semichisels\/#primaryimage"},"thumbnailUrl":"https:\/\/maquinariaferro.com\/wp-content\/uploads\/2023\/04\/SEMICHISEL-GUIMON-15.jpeg","datePublished":"2023-04-16T17:47:59+00:00","dateModified":"2024-08-26T12:41:36+00:00","description":"El arado semichisel de la marca Guimon es el apero perfecto para la preparaci\u00f3n del suelo. Descubre todas sus configuraciones. \u00a1Ll\u00e1manos sin compromiso!","breadcrumb":{"@id":"https:\/\/maquinariaferro.com\/producto\/arados-semichisels\/#breadcrumb"},"inLanguage":"ca","potentialAction":[{"@type":"ReadAction","target":["https:\/\/maquinariaferro.com\/producto\/arados-semichisels\/"]}]},{"@type":"ImageObject","inLanguage":"ca","@id":"https:\/\/maquinariaferro.com\/producto\/arados-semichisels\/#primaryimage","url":"https:\/\/maquinariaferro.com\/wp-content\/uploads\/2023\/04\/SEMICHISEL-GUIMON-15.jpeg","contentUrl":"https:\/\/maquinariaferro.com\/wp-content\/uploads\/2023\/04\/SEMICHISEL-GUIMON-15.jpeg","width":1600,"height":1200},{"@type":"BreadcrumbList","@id":"https:\/\/maquinariaferro.com\/producto\/arados-semichisels\/#breadcrumb","itemListElement":[{"@type":"ListItem","position":1,"name":"Portada","item":"https:\/\/maquinariaferro.com\/"},{"@type":"ListItem","position":2,"name":"Shop","item":"https:\/\/maquinariaferro.com\/shop\/"},{"@type":"ListItem","position":3,"name":"Semichisels"}]},{"@type":"WebSite","@id":"https:\/\/maquinariaferro.com\/#website","url":"https:\/\/maquinariaferro.com\/","name":"Maquin\u00e0ria Ferro","description":"","potentialAction":[{"@type":"SearchAction","target":{"@type":"EntryPoint","urlTemplate":"https:\/\/maquinariaferro.com\/?s={search_term_string}"},"query-input":{"@type":"PropertyValueSpecification","valueRequired":true,"valueName":"search_term_string"}}],"inLanguage":"ca"}]}},"_links":{"self":[{"href":"https:\/\/maquinariaferro.com\/ca\/wp-json\/wp\/v2\/product\/691","targetHints":{"allow":["GET"]}}],"collection":[{"href":"https:\/\/maquinariaferro.com\/ca\/wp-json\/wp\/v2\/product"}],"about":[{"href":"https:\/\/maquinariaferro.com\/ca\/wp-json\/wp\/v2\/types\/product"}],"replies":[{"embeddable":true,"href":"https:\/\/maquinariaferro.com\/ca\/wp-json\/wp\/v2\/comments?post=691"}],"version-history":[{"count":5,"href":"https:\/\/maquinariaferro.com\/ca\/wp-json\/wp\/v2\/product\/691\/revisions"}],"predecessor-version":[{"id":3986,"href":"https:\/\/maquinariaferro.com\/ca\/wp-json\/wp\/v2\/product\/691\/revisions\/3986"}],"wp:featuredmedia":[{"embeddable":true,"href":"https:\/\/maquinariaferro.com\/ca\/wp-json\/wp\/v2\/media\/703"}],"wp:attachment":[{"href":"https:\/\/maquinariaferro.com\/ca\/wp-json\/wp\/v2\/media?parent=691"}],"wp:term":[{"taxonomy":"product_brand","embeddable":true,"href":"https:\/\/maquinariaferro.com\/ca\/wp-json\/wp\/v2\/product_brand?post=691"},{"taxonomy":"product_cat","embeddable":true,"href":"https:\/\/maquinariaferro.com\/ca\/wp-json\/wp\/v2\/product_cat?post=691"},{"taxonomy":"product_tag","embeddable":true,"href":"https:\/\/maquinariaferro.com\/ca\/wp-json\/wp\/v2\/product_tag?post=691"}],"curies":[{"name":"wp","href":"https:\/\/api.w.org\/{rel}","templated":true}]}}

<p lang="ca-ES"><span lang="es-ES">El </span><span lang="es-ES"><b>semixisel</b></span><span lang="es-ES"> de la marca </span><span lang="es-ES"><b>Guimon</b></span><span lang="es-ES"> està dissenyat per </span><span lang="es-ES"><b>la preparació del sòl</b></span><span lang="es-ES">, amb una profunditat de treball d’entre </span><span lang="es-ES"><b>18 i 25 cm</b></span><span lang="es-ES">. La separació dels braços és de </span><span lang="es-ES"><b>60 cm</b></span><span lang="es-ES"> i la seva disposició en </span><span lang="es-ES"><b>tres files</b></span><span lang="es-ES"> permet un elevat nivell de desfeta de les restes de collita. El disseny del cos aconsegueix una </span><span lang="es-ES"><b>perfecta adaptació al terreny</b></span><span lang="es-ES"> obtenint un conreu </span><span lang="es-ES"><b>profund</b></span><span lang="es-ES"> i </span><span lang="es-ES"><b>homogeni</b></span><span lang="es-ES">. Equipado de serie con </span><span lang="es-ES"><b>el tren de rodet posterior</b></span><span lang="es-ES"> i </span><span lang="es-ES"><b>rastre de doble fila de pues. </b></span></p>
<p lang="ca-ES"><span lang="es-ES">Guimon té disponibles dos muntatges: </span><span lang="es-ES"><b>molles amb virolles o elastòmers.</b></span><span lang="es-ES">Es munta el braç de </span><span lang="es-ES"><b>35 x 35</b></span><span lang="es-ES"> amb la possibilitat de muntar una </span><span lang="es-ES"><b>rella d’oreneta</b></span><span lang="es-ES"> o </span><span lang="es-ES"><b>cavadora</b></span><span lang="es-ES">Aquest semixisel no porta greixatges, és a dir, no necessita manteniment. </span><b> </b></p>
<p lang="ca-ES"><span lang="es-ES">Pot consultar el nostre catàleg per a obtenir més informació sobre l’amplada i les opcions de muntatge. </span></p>
<p>&nbsp;</p>
<p>Descarregar catàleg:<br />
<a href="https://maquinariaferro.com/wp-content/uploads/2023/04/CATALOGO-SEMICHISEL-GUIMON.pdf" target="_blank" rel="noopener"><br />
<button class="styled" type="button">Semixisel Guimon</button><br />
</a></p>

<p>El semichisel de la marca Guimon está diseñado para la preparación del suelo, con una profundidad de trabajo de entre 18 y 25 cm. La separación de los brazos es de 60 cm y su disposición en tres filas permite un elevado nivel de desahogo de los restos de cosecha. El diseño del cuerpo consigue [&hellip;]</p>

<!-- This site is optimized with the Yoast SEO plugin v28.4 - https://yoast.com/product/yoast-seo-wordpress/ -->
<title>Arado Semichisel | Maquinaria Ferro</title>
<meta name="description" content="El arado semichisel de la marca Guimon es el apero perfecto para la preparación del suelo. Descubre todas sus configuraciones. ¡Llámanos sin compromiso!" />
<meta name="robots" content="index, follow, max-snippet:-1, max-image-preview:large, max-video-preview:-1" />
<link rel="canonical" href="https://maquinariaferro.com/ca/producte/arados-semichisels/" />
<meta property="og:locale" content="ca_ES" />
<meta property="og:type" content="article" />
<meta property="og:title" content="Arado Semichisel | Maquinaria Ferro" />
<meta property="og:description" content="El arado semichisel de la marca Guimon es el apero perfecto para la preparación del suelo. Descubre todas sus configuraciones. ¡Llámanos sin compromiso!" />
<meta property="og:url" content="https://maquinariaferro.com/ca/producte/arados-semichisels/" />
<meta property="og:site_name" content="Maquinaria Ferro" />
<meta property="article:modified_time" content="2024-08-26T12:41:36+00:00" />
<meta property="og:image" content="https://maquinariaferro.com/wp-content/uploads/2023/04/SEMICHISEL-GUIMON-15.jpeg" />
	<meta property="og:image:width" content="1600" />
	<meta property="og:image:height" content="1200" />
	<meta property="og:image:type" content="image/jpeg" />
<meta name="twitter:card" content="summary_large_image" />
<meta name="twitter:label1" content="Temps estimat de lectura" />
	<meta name="twitter:data1" content="1 minut" />
<script type="application/ld+json" class="yoast-schema-graph">{"@context":"https:\/\/schema.org","@graph":[{"@type":"WebPage","@id":"https:\/\/maquinariaferro.com\/producto\/arados-semichisels\/","url":"https:\/\/maquinariaferro.com\/producto\/arados-semichisels\/","name":"Arado Semichisel | Maquinaria Ferro","isPartOf":{"@id":"https:\/\/maquinariaferro.com\/#website"},"primaryImageOfPage":{"@id":"https:\/\/maquinariaferro.com\/producto\/arados-semichisels\/#primaryimage"},"image":{"@id":"https:\/\/maquinariaferro.com\/producto\/arados-semichisels\/#primaryimage"},"thumbnailUrl":"https:\/\/maquinariaferro.com\/wp-content\/uploads\/2023\/04\/SEMICHISEL-GUIMON-15.jpeg","datePublished":"2023-04-16T17:47:59+00:00","dateModified":"2024-08-26T12:41:36+00:00","description":"El arado semichisel de la marca Guimon es el apero perfecto para la preparación del suelo. Descubre todas sus configuraciones. ¡Llámanos sin compromiso!","breadcrumb":{"@id":"https:\/\/maquinariaferro.com\/producto\/arados-semichisels\/#breadcrumb"},"inLanguage":"ca","potentialAction":[{"@type":"ReadAction","target":["https:\/\/maquinariaferro.com\/producto\/arados-semichisels\/"]}]},{"@type":"ImageObject","inLanguage":"ca","@id":"https:\/\/maquinariaferro.com\/producto\/arados-semichisels\/#primaryimage","url":"https:\/\/maquinariaferro.com\/wp-content\/uploads\/2023\/04\/SEMICHISEL-GUIMON-15.jpeg","contentUrl":"https:\/\/maquinariaferro.com\/wp-content\/uploads\/2023\/04\/SEMICHISEL-GUIMON-15.jpeg","width":1600,"height":1200},{"@type":"BreadcrumbList","@id":"https:\/\/maquinariaferro.com\/producto\/arados-semichisels\/#breadcrumb","itemListElement":[{"@type":"ListItem","position":1,"name":"Portada","item":"https:\/\/maquinariaferro.com\/"},{"@type":"ListItem","position":2,"name":"Shop","item":"https:\/\/maquinariaferro.com\/shop\/"},{"@type":"ListItem","position":3,"name":"Semichisels"}]},{"@type":"WebSite","@id":"https:\/\/maquinariaferro.com\/#website","url":"https:\/\/maquinariaferro.com\/","name":"Maquinaria Ferro","description":"","potentialAction":[{"@type":"SearchAction","target":{"@type":"EntryPoint","urlTemplate":"https:\/\/maquinariaferro.com\/?s={search_term_string}"},"query-input":{"@type":"PropertyValueSpecification","valueRequired":true,"valueName":"search_term_string"}}],"inLanguage":"ca"}]}</script>
<!-- / Yoast SEO plugin. -->

El arado semichisel de la marca Guimon es el apero perfecto para la preparación del suelo. Descubre todas sus configuraciones. ¡Llámanos sin compromiso!

Maquinària Ferro
